e highest common divisor of 10465 and 69.
23
What is the greatest common factor of 2120 and 70?
10
What is the greatest common factor of 17472 and 63856?
208
Calculate the highest common factor of 3360 and 5612.
4
What is the greatest common factor of 720 and 21780?
180
Calculate the highest common factor of 16704 and 672.
96
What is the greatest common factor of 88 and 31262?
22
Calculate the highest common divisor of 27740 and 57.
19
What is the highest common factor of 11198 and 24002?
22
What is the highest common factor of 7212 and 48?
12
What is the greatest common divisor of 22854 and 1794?
78
Calculate the highest common factor of 14953 and 152.
19
Calculate the greatest common divisor of 1254 and 39919.
209
Calculate the highest common divisor of 506 and 3151.
23
Calculate the greatest common divisor of 5358395 and 490.
245
What is the highest common factor of 228246 and 6?
6
Calculate the highest common factor of 2130894 and 36.
18
What is the greatest common factor of 13672 and 956?
4
Calculate the highest common factor of 2556 and 65844.
36
Calculate the greatest common divisor of 1918 and 238.
14
Calculate the greatest common divisor of 14 and 5057360.
14
Calculate the greatest common divisor of 25612 and 1900.
76
What is the highest common factor of 22236 and 2943?
327
What is the highest common factor of 350 and 389400?
50
Calculate the highest common factor of 33473 and 66.
11
Calculate the highest common divisor of 421 and 463.
1
Calculate the highest common divisor of 8346 and 327741.
321
Calculate the highest common divisor of 13300 and 1225.
175
Calculate the greatest common divisor of 1450626 and 18.
6
What is the highest common divisor of 338775 and 100?
25
What is the greatest common factor of 10066 and 126?
14
Calculate the greatest common factor of 1881 and 95.
19
Calculate the greatest common divisor of 1869 and 32841.
267
Calculate the highest common divisor of 3105 and 76935.
345
Calculate the highest common divisor of 188538 and 28.
14
Calculate the highest common factor of 15 and 39705.
15
What is the highest common factor of 488 and 23546?
122
What is the greatest common factor of 212 and 1420612?
212
Calculate the greatest common factor of 24378 and 24.
6
Calculate the highest common divisor of 169 and 8164.
13
Calculate the greatest common divisor of 18100 and 59911.
181
Calculate the greatest common divisor of 4032 and 23058.
126
What is the greatest common divisor of 1947 and 847?
11
Calculate the highest common divisor of 20 and 2540.
20
Calculate the greatest common divisor of 2760 and 115.
115
What is the greatest common factor of 82 and 2468897?
41
Calculate the greatest common divisor of 139035 and 2852.
713
What is the highest common factor of 12616 and 361?
19
Calculate the greatest common divisor of 319 and 1200397.
319
What is the greatest common factor of 3 and 403773?
3
What is the greatest common factor of 4489 and 36448?
67
What is the greatest common factor of 58 and 227882?
58
Calculate the highest common factor of 15900 and 175.
25
What is the highest common factor of 2222487 and 19?
19
Calculate the highest common factor of 94940 and 1313.
101
Calculate the greatest common divisor of 1161 and 45.
9
Calculate the greatest common divisor of 12969 and 42174.
99
What is the highest common factor of 1101 and 343879?
367
Calculate the highest common factor of 3927 and 1176.
21
What is the highest common divisor of 9532 and 752?
4
Calculate the greatest common factor of 154609 and 28.
7
Calculate the highest common factor of 1063775 and 1275.
425
Calculate the greatest common divisor of 783 and 1015.
29
Calculate the highest common divisor of 648959 and 113.
113
What is the greatest common divisor of 6157 and 15463?
47
Calculate the highest common divisor of 791 and 18305.
7
What is the greatest common factor of 60274 and 4?
2
Calculate the greatest common factor of 834 and 5094.
6
Calculate the highest common divisor of 49 and 173593.
7
What is the highest common divisor of 226024 and 456?
152
Calculate the greatest common divisor of 14812 and 56.
28
Calculate the greatest common divisor of 1054547 and 78.
13
What is the greatest common divisor of 302 and 190562?
302
Calculate the greatest common divisor of 105301 and 98.
49
Calculate the greatest common divisor of 88275 and 375.
75
Calculate the highest common factor of 900 and 378600.
300
Calculate the highest common factor of 45 and 369.
9
Calculate the greatest common divisor of 1093184 and 116.
116
What is the highest common divisor of 26803 and 2842?
49
Calculate the greatest common factor of 1799 and 35.
7
What is the highest common divisor of 4598 and 608?
38
Calculate the highest common divisor of 34 and 7837.
17
What is the greatest common divisor of 119786 and 13046?
1186
Calculate the greatest common divisor of 20580 and 360.
60
What is the greatest common divisor of 3053 and 1763?
43
Calculate the greatest common divisor of 213 and 12709.
71
Calculate the highest common divisor of 952 and 2044.
28
What is the highest common factor of 636 and 18108?
12
What is the highest common factor of 31 and 934991?
31
What is the highest common divisor of 23124 and 30668?
164
Calculate the greatest common divisor of 23218 and 773338.
1786
What is the greatest common factor of 44244 and 171?
9
What is the highest common factor of 14 and 368102?
14
What is the highest common divisor of 2299328 and 32?
32
What is the highest common divisor of 21417 and 8850?
177
What is the greatest common factor of 207 and 1127?
23
What is the highest common divisor of 6505476 and 12?
12
Calculate the greatest common factor of 418360 and 240.
40
Calculate the greatest common divisor of 56496 and 4092.
132
Calculate the highest common factor of 980865 and 15.
15
What is the greatest common factor of 26543 and 22?
11
Calculate the greatest common divisor of 24246 and 2619.
27
Calculate the greatest common factor of 36172 and 62.
2
What is the greatest common divisor of 413 and 40243?
7
Calculate the highest common divisor of 2940 and 6156.
12
What is the highest common divisor of 849134 and 78?
26
Calculate the greatest common divisor of 140085 and 9.
9
Calculate the highest common factor of 2020 and 8420.
20
Calculate the highest common divisor of 2301 and 312.
39
Calculate the greatest common divisor of 2848 and 2316848.
1424
What is the highest common factor of 67200 and 144?
48
What is the highest common divisor of 7539 and 12747?
21
Calculate the highest common divisor of 13 and 6714.
1
Calculate the greatest common divisor of 135 and 99630.
135
Calculate the highest common divisor of 37268 and 385.
77
What is the highest common divisor of 31375064 and 17?
17
What is the highest common divisor of 45540 and 2718?
18
What is the greatest common factor of 384 and 10282368?
384
What is the highest common divisor of 116508 and 380?
76
What is the highest common divisor of 3210 and 88980?
30
Calculate the highest common divisor of 44608 and 984.
328
Calculate the greatest common factor of 14539 and 3689.
217
Calculate the highest common factor of 1078 and 29694.
98
What is the highest common divisor of 5382 and 3404?
46
Calculate the greatest common factor of 39849 and 12.
3
What is the highest common divisor of 5340951 and 1101?
1101
Calculate the greatest common factor of 490 and 63630.
70
What is the greatest common factor of 875 and 267925?
175
What is the highest common factor of 205 and 46705?
5
What is the greatest common factor of 72 and 413064?
72
What is the greatest common divisor of 3112 and 464466?
778
Calculate the greatest common factor of 693753 and 669.
669
What is the highest common divisor of 932 and 677?
1
Calculate the highest common factor of 243980 and 704.
44
Calculate the greatest common divisor of 876 and 83904.
12
What is the highest common divisor of 79413 and 3811?
103
Calculate the greatest common divisor of 721 and 19.
1
What is the greatest common divisor of 648 and 436?
4
What is the highest common divisor of 110 and 30490?
10
What is the highest common factor of 161 and 1141?
7
Calculate the greatest common factor of 51 and 564638.
17
Calculate the greatest common factor of 248 and 1987162.
62
Calculate the greatest common factor o